 5*b**2 + 187*b - 7. What is r(-37)?
-81
Let q(v) = -9*v**2 + 2*v + 9. Determine q(4).
-127
Let d(o) = -2*o**3 + 7*o**2 - 120*o + 431. Determine d(4).
-65
Let m(f) = -137*f + 1689. Calculate m(11).
182
Let p(a) = 397*a + 814. Determine p(-2).
20
Let d(l) = -2947*l + 38307. Give d(13).
-4
Let s(b) = -b**3 + 93*b**2 - 175*b - 12. What is s(91)?
625
Let n(z) = 14*z - 147. Calculate n(16).
77
Let a(q) = -9*q - 73. Calculate a(7).
-136
Let g(u) = u**2 + 8*u - 713. What is g(-30)?
-53
Let a(p) = p**3 - 18*p**2 - 21*p + 42. Give a(19).
4
Let c(b) = -b**2 + 24*b + 14260. Give c(-108).
4
Let w(y) = -1993*y + 35863. Determine w(18).
-11
Let r(q) = 31*q - 44. Give r(6).
142
Let q(f) = 32*f - 1492. Determine q(47).
12
Let j(i) = -i**3 - 10*i**2 + 12*i + 162. What is j(-9)?
-27
Let y(p) = 2*p**3 + 86*p**2 - 80*p + 269. Determine y(-44).
-83
Let j(x) = -3*x**2 - 126*x - 749. What is j(-6)?
-101
Let f(q) = q**3 + 87*q**2 - 126*q + 4635. Give f(-89).
7
Let l(r) = 9*r**2 + 16*r + 17. Calculate l(-1).
10
Let t(y) = -y**3 + 19*y**2 - 99*y + 121. What is t(12)?
-59
Let m(h) = h**3 - h**2 - 66*h + 62. What is m(11)?
546
Let y(m) = -m**2 + 19*m + 212. Determine y(24).
92
Let l(m) = -m**2 + 64*m - 316. Give l(56).
132
Let h(w) = -w**3 - 50*w**2 - 245*w - 137. Give h(-44).
-973
Let m(t) = 452*t**2 + 53*t + 56. What is m(-1)?
455
Let c(g) = 4*g + 34. Give c(-2).
26
Let s(v) = 19*v**2 - 189*v - 189. Give s(-1).
19
Let l(s) = s**3 + 5*s**2 + 10*s + 15. Calculate l(-5).
-35
Let n(v) = -17*v**2 - 94*v - 8. What is n(-6)?
-56
Let d(k) = -4*k**2 - 9*k + 97. Give d(-7).
-36
Let h(j) = -29*j**2 + 3885*j + 121. Determine h(134).
-13
Let u(o) = o**3 + 34*o**2 + 114*o - 9. Calculate u(-30).
171
Let g(o) = -o**3 - 6*o**2 - o. Determine g(-5).
-20
Let l(h) = h**2 - 113*h - 562. Calculate l(-5).
28
Let w(x) = -8*x**2 - 40*x - 5. Determine w(-10).
-405
Let i(h) = h**3 - 9*h**2 + 37*h - 903. Calculate i(12).
-27
Let p(f) = -4*f - 90. Determine p(-11).
-46
Let i(x) = -x**3 - 35*x**2 - 64*x + 50. Calculate i(-33).
-16
Let u(k) = 2*k**3 + 20*k**2 + 9*k + 84. What is u(-10)?
-6
Let g(w) = -2*w**3 + 5*w**2 + 82*w + 25. Determine g(7).
158
Let b(y) = -y**3 - 12*y**2 - 17*y - 59. Determine b(-11).
7
Let x(b) = -2*b**3 + 13*b**2 - 43*b + 464. Determine x(10).
-666
Let a(u) = u**2 - 509*u + 40892. What is a(409)?
-8
Let k(z) = -z**3 - 17*z**2 + 37*z - 27. Calculate k(-19).
-8
Let x(q) = -20*q + 216. Give x(11).
-4
Let z(a) = -407*a + 3672. What is z(9)?
9
Let v(b) = 109*b - 2838. Give v(26).
-4
Let z(m) = -m**2 + 48*m - 581. Determine z(17).
-54
Let t(q) = -2*q - 77. Calculate t(3).
-83
Let y(d) = -d**3 + 44*d**2 + 139*d + 94. Give y(47).
0
Let y(c) = c**3 - 40*c**2 + c - 38. Calculate y(40).
2
Let i(p) = 1647*p + 9863. Give i(-6).
-19
Let u(p) = 37*p - 63. Determine u(1).
-26
Let v(x) = -2*x**2 - 74*x - 520. Determine v(-11).
52
Let x(w) = -2*w**2 + 129*w - 1701. Give x(46).
1
Let a(m) = -m**3 - 28*m**2 - 10*m + 71. Determine a(-27).
-388
Let g(u) = -4*u**3 + 340*u**2 + 3*u - 258. What is g(85)?
-3
Let i(y) = 2*y**2 + 442*y + 8381. Calculate i(-200).
-19
Let s(r) = 4*r**3 - 49*r**2 - 2*r + 55. What is s(12)?
-113
Let t(l) = -121*l - 2075. Calculate t(-15).
-260
Let i(l) = 39*l - 12. Give i(1).
27
Let c(m) = 5*m**2 - 275*m + 154. What is c(55)?
154
Let t(g) = -2107*g - 27412. Determine t(-13).
-21
Let x(w) = 6*w + 11. Determine x(1).
17
Let v(w) = 2*w**3 + 147*w**2 - 77*w - 224. Determine v(-74).
-2
Let q(v) = 57*v - 5761. What is q(100)?
-61
Let o(i) = -2*i**2 + 200*i - 950. What is o(95)?
0
Let t(j) = -65*j - 5056. Determine t(-77).
-51
Let l(o) = 57*o - 191. What is l(4)?
37
Let h(u) = -3*u + 98. Calculate h(5).
83
Let m(k) = -2*k**2 - 1057*k + 18595. Calculate m(17).
48
Let t(q) = q**3 + 13*q**2 + 33*q + 134. Determine t(-11).
13
Let l(g) = g**3 + 13*g**2 + 34*g - 6. Determine l(-6).
42
Let z(n) = -38*n**2 - 494*n + 2. Calculate z(-13).
2
Let r(g) = -10*g**2 - 330*g + 5. Give r(-33).
5
Let s(u) = 6*u**2 - 64*u + 126. What is s(8)?
-2
Let z(x) = -84*x - 2. Calculate z(-3).
250
Let w(j) = -460*j + 113. Determine w(1).
-347
Let m(o) = 11*o**3 - 2*o + 3. Determine m(-2).
-81
Let r(i) = 9*i**3 - 61*i**2 - 10*i - 3. Determine r(7).
25
Let f(h) = -2*h**3 + 5*h**2 - 16*h + 5. Give f(3).
-52
Let i(l) = -3*l**2 + 16*l + 14. Calculate i(6).
2
Let m(f) = 41*f - 3778. Calculate m(92).
-6
Let x(v) = -21*v**2 + 8*v + 15. Give x(-2).
-85
Let f(l) = -l**3 + 149*l**2 + 769*l + 144. What is f(154)?
-10
Let n(h) = 2002*h + 94085. What is n(-47)?
-9
Let g(b) = -297*b + 898. Determine g(3).
7
Let k(w) = w**3 + 8*w**2 - 73*w - 567. What is k(-9)?
9
Let a(u) = 146*u + 2204. What is a(-15)?
14
Let d(r) = -2*r**3 - 11*r**2 + r + 2. Give d(-7).
142
Let y(g) = g**2 - 725*g + 5745. What is y(8)?
9
Let o(f) = -54*f + 7563. Determine o(140).
3
Let q(r) = -r**2 - 8*r + 14. Calculate q(2).
-6
Let g(i) = i**2 - 20*i + 3. What is g(14)?
-81
Let x(r) = -r**3 + 15*r**2 + 64*r - 19. Calculate x(17).
491
Let v(n) = -139*n + 11952. Give v(86).
-2
Let a(g) = -2*g + 57. Calculate a(37).
-17
Let l(o) = 15*o - 488. Give l(20).
-188
Let y(x) = 3*x**2 + 7*x + 14. Give y(-4).
34
Let q(g) = -g**3 + 16*g**2 - 31*g + 71. Calculate q(14).
29
Let c(k) = 62*k - 2039. Give c(31).
-117
Let k(o) = -8*o**3 - 2*o**2 - 14*o + 4. Calculate k(-3).
244
Let x(t) = -14*t**2 - 4*t - 1. Determine x(-1).
-11
Let x(g) = g**3 + 66*g**2 - 141*g - 330. Calculate x(-68).
10
Let f(z) = -107*z + 297. Calculate f(3).
-24
Let y(b) = -4*b**2 + 333*b - 734. Determine y(81).
-5
Let i(x) = -147*x - 8386. Give i(-57).
-7
Let f(h) = -h**2 + 8*h + 186. Give f(18).
6
Let o(z) = -1154*z - 3515. Determine o(-3).
-53
Let p(j) = -j**2 - 36*j + 200. Determine p(-41).
-5
Let s(b) = b**3 - 11*b**2 + 8*b + 3. Determine s(10).
-17
Let n(p) = -632*p - 78371. Determine n(-124).
-3
Let w(u) = 129*u - 492. Determine w(6).
282
Let o(s) = 2*s**2 - 7*s - 321. What is o(-11)?
-2
Let i(w) = 6*w**2 + 416*w - 1250. Determine i(3).
52
Let i(l) = 2*l**3 + 18*l**2 + 119*l + 1084. Determine i(-9).
13
Let a(m) = 16*m + 168. Calculate a(-10).
8
Let v(r) = -r**3 + 37*r**2 - r + 20. Calculate v(37).
-17
Let x(k) = -48699*k - 194795. Calculate x(-4).
1
Let z(r) = -r**3 - 31*r**2 - 219*r - 190. Determine z(-21).
-1
Let n(v) = 3*v**2 - 40*v + 2. Calculate n(13).
-11
Let f(v) = 19*v**2 + 611*v + 90. What is f(-32)?
-6
Let h(g) = 7*g**2 - 52*g + 25. Calculate h(8).
57
Let m(l) = -18*l**2 + 131*l - 38. Give m(7).
-3
Let r(u) = -24*u + 39. Calculate r(1).
15
Let h(a) = a**2 + 26*a + 111. Determine h(-22).
23
Let m(l) = -9*l**2 - 163*l - 115. Calculate m(-17).
55
Let a(w) = 52*w + 1066. Give a(-20).
26
Let x(j) = 53*j + 450. What is x(-6)?
132
Let n(m) = m**2 + 44*m + 359. Calculate n(-30).
-61
Let f(x) = -x**3 - 14*x**2 + 21*x + 332. Determine f(-13).
-110
Let u(a) = -266*a - 11962. Calculate u(-45).
8
Let p(n) = 3*n**3 + 200*n**2 + 131*n - 77. Calculate p(-66).
-11
Let n(a) = 2*a**3 - 35*a**2 + 129*a + 48. What is n(12)?
12
Let k(t) = 1064*t - 20208. Give k(19).
8
Let x(q) = -q**2 + 24*q + 411. Determine x(-11).
26
Let b(w) = -133*w + 3092. Calculate b(23).
33
Let m(n) = n**2 - 31*n - 142. Give m(36).
38
Let h(j) = -74*j**3 + 3*j**2 - 3*j - 4. What is h(-1)?
76
Let g(m) = m**2 - 23*m + 25. Determine g(19).
-51
Let p(o) = -360*o - 164. Calculate p(-1).
196
Let v(h) = -839*h - 845. Give v(-1).
-6
Let c(s) = -2757*s + 121300. Give c(44).
-8
Let p(u) = 35*u**3 - 2*u**2 + 3*u + 5. Determine p(-1).
-35
Let k(t) = -464*t - 461. Calculate k(-1).
3
Let f(b) = 348*b + 16708. Determine f(-48).
4
Let z(i) = 48*i + 1406. Give z(-29).
14
Let q(a) = -21*a + 364. Calculate q(30).
-266
Let r(c) = -c**3 + 11*c**2 - 6*c + 63. Give r(10).
103
Let c(t) = -14*t**2 + 14*t + 7. Calculate c(4).
-161
Let h(n) = -n**3 - 12*n**2 + 14*n + 312. Determine h(-13).
299
Let s(c) = -21*c**2 - 201*c - 4. Determine s(-12).
-616
Let g(l) = -779*l - 44413. Give g(-57).
-10
Let w(u) = -u**2 - 33*u + 60. Calculate w(-30).
150
Let s(j) = 466*j + 475. Determine s(-1).
9
Let x(i) = -i**3 + 33*i**2 + 337*i - 6991. Give x(37).
2
Let n(v) = 9*v**2 - 40*v - 227. What is n(-6)?
337
Let y(z) = z**2 + 13*z + 5. Calculate y(-4).
-31
Let p(b) = b**2 - 59*b - 162. What is p(0)?
-162
Let p(y) = -12222*y - 36678. What is p(-3)?
-12
Let o(s) = s**3 + 78*s